110, -5*z = -4*g + 174. What is the tens digit of g?
4
Suppose 4*b - 70151 = -4*i - 7127, 3*i + 15776 = b. What is the tens digit of b?
6
Suppose 72*d + 444660 - 2349218 = 228226. What is the hundreds digit of d?
6
Suppose 4*t - 21106 = -4*r + 3546, t = 4*r - 24632. What is the thousands digit of r?
6
Let d(p) = p**2 - 5*p + 7. Let m be d(5). Suppose 4*a - m*a + 36 = 0. What is the tens digit of 68/(-1)*a/(-16)?
5
Suppose n + 3*n = 0. Suppose 5*p - 213 = -4*q, n*p = 5*p + 5*q - 215. Let j = p + -17. What is the tens digit of j?
2
Suppose 0 = 2*d + v - 1318 - 2750, -4*d + 8142 = -v. What is the tens digit of d?
3
Suppose 0 = -5*d - 5*q + 139700, -86*d + 89*d - 83808 = -5*q. What is the tens digit of d?
4
What is the tens digit of (3 - 1) + 12621 - ((-1110)/(-37) - 25)?
1
Suppose o + 5*h = 1048, 1518 + 1691 = 3*o + 2*h. What is the units digit of o?
3
Let p be 2 + 6 + 5 - -1. Let y(b) = b**2 - 16*b + 32. Let w be y(p). Let t = 18 + w. What is the units digit of t?
2
What is the units digit of ((-3726)/21)/(96/(-3360))?
0
Let g = -286 + 272. Let s(i) = -46*i - 123. What is the hundreds digit of s(g)?
5
Let u(t) = 342*t - 6. Let k(a) = -341*a + 6. Let r(l) = -2*k(l) - 3*u(l). What is the tens digit of r(-1)?
5
Let w = 9595 + -3799. What is the units digit of w?
6
Let j = -3337 + 17802. What is the hundreds digit of j?
4
Let j = -67 - -67. Let c(w) = -10 + j - 99*w + 29*w. What is the units digit of c(-3)?
0
Let i = 61 + -61. Let s = i - -11. Suppose 126 = s*x - 8*x. What is the tens digit of x?
4
What is the ten thousands digit of (12/20)/((-3)/(-15)) + 15260 + -12?
1
Suppose -142501 - 1225890 = -96*x + 1137305. What is the tens digit of x?
0
Let b(z) = 12*z**2 - 61*z + 314. What is the units digit of b(-36)?
2
Let y(q) = -3*q**3 + 5*q**2 + 6*q. Let p = -25 - -22. Let s be y(p). Let d = 194 - s. What is the tens digit of d?
8
Let t(u) = -2*u**2 - 20*u + 5. Let d be t(-10). Suppose d*s - 2*v - 704 = 0, s - 134 = 3*v - 6*v. What is the hundreds digit of s?
1
Let k = -169 - -167. What is the units digit of (-3)/k*(-2932)/(-6)?
3
Suppose -18*u + 92 = -16. Suppose -5*s + 2*h = -574, 3*h - 107 = -s + u*h. What is the units digit of s?
6
Let q(x) = -3*x - 4. Let u(t) = t**3 + 13*t**2 + 3. Let g be u(-13). Let v be q(g). Let c = 45 + v. What is the units digit of c?
2
Let u(a) = -a**3 - 10*a**2 - 13*a + 4. Let m be u(-8). What is the tens digit of 4/m - -2*16355/50?
5
Let w(q) = 2 + 13*q**2 - 17*q**2 + 0*q + 8*q + 5*q**2. Let j be w(-8). Suppose -f + j = -o + 32, 2*f + 32 = o. What is the tens digit of o?
2
Suppose -b - 3*w = -7599 - 1060, 17334 = 2*b + 2*w. What is the tens digit of b?
7
Let c be (-4)/8 + (-18)/(-4). Suppose 610 = 5*g + c*z, -3*g + 343 = 2*z - 23. What is the hundreds digit of g?
1
Let p = -80 + 218. Suppose -20*u + 2088 = -17*u. Suppose -9*l + u = p. What is the units digit of l?
2
Suppose 87*s - 7*s - 665360 = 0. What is the hundreds digit of s?
3
Let s be (2 + 16/(-12))*-12. Let d be 0 + 20 + 16/s. Suppose 15*t + 114 = d*t. What is the units digit of t?
8
Suppose 24152 = 69*d - 76312. What is the thousands digit of d?
1
Suppose -3*v + 30 = -3*u, -5*u + 20 = 5*v - 4*u. Suppose 0 = -5*g + 5*s + 2770, 37*s + v = 32*s. What is the tens digit of g?
5
Let q(i) be the third derivative of 59*i**5/10 - i**3/6 - 13*i**2 + 5*i. What is the hundreds digit of q(1)?
3
Let v(d) = 52*d + 2626. What is the units digit of v(84)?
4
Let t(f) = f**3 + 8*f**2 - 9*f + 2. Let h be t(-9). Suppose 3*v = -h + 14. Suppose -5*s + g + 101 = 0, 104 = v*s + 8*g - 3*g. What is the tens digit of s?
2
Let s = 9490 + -23029. What is the hundreds digit of s/(-30) + 3/(-10)?
4
Let n(o) = -28*o - 12. Let v be n(-5). Suppose -v = 4*c - 1156. What is the hundreds digit of c?
2
Suppose -n = -2*q + 71016, -5*q + n - 57028 = -234562. What is the hundreds digit of q?
5
Suppose 0 = -j + 37*j - 1944. Let q = j - -344. What is the tens digit of q?
9
Let w = 339 - 337. Suppose 0 = w*a + 5*j - 551, a - 259 = 5*j - 2*j. What is the units digit of a?
8
Suppose -2*v + 6002 = -4*x, -59*x + 15065 = 5*v - 57*x. Suppose -42*l + 6061 = -v. What is the tens digit of l?
1
Let n be 3/(6/(-20))*(-50)/20. Let s(p) = p**3 - 3*p**2 - 5*p + 5. Let x be s(4). Suppose -z + n = -x. What is the tens digit of z?
2
Let z be (4 + -9)/5*-4. Suppose 21 = 3*a + z*a. What is the hundreds digit of (4/8)/(a/834)?
1
Let h = -18822 - -27002. What is the thousands digit of h?
8
Let q be -124*(-7 + (-186)/(-24)). Let r = q + 819. What is the tens digit of r?
2
Let l be 1/(((-6)/(-231))/(-2)). Let a = 82 + l. Suppose 88 = -4*f + a*f. What is the units digit of f?
8
Suppose -183*j + 4*r = -182*j - 8716, -43508 = -5*j + 2*r. What is the hundreds digit of j?
7
Suppose 0 = 2*t + 2*l + 4 + 8, 2*t - 18 = 4*l. Let z(q) = -758*q + 1. What is the units digit of z(t)?
9
Let g = 43 + -53. What is the tens digit of -5*(-819)/52*(-48)/g?
7
Let m be (-75125)/(-150) + ((-10)/12 - -1). Suppose -m = 5*w - 91. What is the units digit of (-31)/62 + w/(-4)?
0
Suppose -107 - 363 = -5*c. Suppose -3*l - 2*g = 175, -5*g = -3*l - c - 109. Let j = 126 + l. What is the tens digit of j?
6
Let h be (-1954)/((-2 - 32/(-20))*-5). Let x = -300 - h. What is the tens digit of x?
7
Let b(d) be the second derivative of -d**5/20 + d**4 - d**3 - d**2/2 - d. Let h = 59 - 48. What is the units digit of b(h)?
4
Let w(m) = -94*m**2 - 26. Let n(x) = -19*x**2 - 5. Let a(u) = -11*n(u) + 2*w(u). What is the hundreds digit of a(4)?
3
Let w(r) = r - 4. Let m = -7 - -16. Let x be w(m). Suppose -x*j - 340 = -4*b, -3*b + 255 = -7*j + 2*j. What is the units digit of b?
5
Let f = 261 + -257. Suppose x - f*x + 637 = 2*w, -4*x = 5*w - 1596. What is the tens digit of w?
2
Suppose 3*f - 33 - 15 = 0. Let v(k) = -k**3 + 16*k**2 - k + 18. Let h be v(f). Suppose 5*q - 20 = -0*q, s - 75 = h*q. What is the units digit of s?
3
Let f(c) = c + 28. Let h be f(-24). Suppose 2 = h*t - 3*t. Suppose t*q + 0*q - 132 = 0. What is the tens digit of q?
6
Let j = 1817 + -785. Suppose 4*m + 4*k - j = 0, 0 = m - 17*k + 14*k - 266. What is the tens digit of m?
6
Suppose -43*l + 48 = -35*l. Suppose -l*a + 4121 = 7*a. What is the tens digit of a?
1
Suppose 3*q - 3*k = -18, 5*k = 2*q + 9*k + 12. What is the units digit of 478*-1*(5 + q)?
8
Suppose 7 = r + 17. Let d be (-500)/(-40)*((-2)/r - 1). What is the units digit of (2 - (-56)/(-20))/(2/d)?
4
Suppose 0 = 8*j - 3*j - 275. Suppose 41 = 3*d - j. Suppose -12 - d = -p. What is the units digit of p?
4
Let z(p) = 14*p**2 + 42*p - 57. Let m be z(-23). Suppose -8*d + m = 2319. What is the tens digit of d?
0
Let a(x) = 3*x - 24. Let s be a(8). Let v be s + 9/3 + 284/4. Let c = v - -13. What is the units digit of c?
7
Let t = -2608 + 3778. Suppose 0 = -13*j + 2522 + t. What is the tens digit of j?
8
Let b = -37 - 12. Let v = 54 + b. Suppose -v*o = t - 122, -2*o + 203 = 2*t - 17. What is the units digit of t?
7
Let m(q) = -q**3 + 5*q**2 + q - 6. Let y be m(5). Let p = -616 + 656. What is the units digit of 1*-4 - y*p?
6
Suppose 29 = 6*q + 17. Suppose -p = 5*n + p + 895, -q*n + 3*p - 377 = 0. Let z = n - -380. What is the units digit of z?
9
Let u = 9654 + -5938. What is the units digit of u?
6
Suppose 0 = j + 4*m - 1108, -163 = -3*j + 5*m + 3178. What is the units digit of j?
2
Suppose 2*l - 297 = -283, -31 = -i - 5*l. Let h(m) be the third derivative of -11*m**4/4 - m**3/6 - m**2. What is the tens digit of h(i)?
6
Suppose 0 = -2*v + 26047 + 11025. What is the ten thousands digit of v?
1
Suppose 0 = 5*h + 20, 21*c - 25313 = 20*c - 3*h. What is the tens digit of c?
2
Let n = -10632 - -28285. What is the tens digit of n?
5
Let f(m) = 18*m**2 - 3*m - 569. What is the tens digit of f(21)?
0
Let j(k) = 2*k**3 + 30*k**2 + 29. Let c be j(-15). Suppose c*r = -7*r + 44532. What is the tens digit of r?
3
Suppose -47*o + 52*o = 20. What is the units digit of 145 - 1 - 9/(-6)*o?
0
What is the hundreds digit of ((-10)/(-4) - 2)/(5/(-1060750)*-5)?
2
Suppose -457 = 4*q - 2*d + 521, -753 = 3*q + 5*d. Let n be 4/14 + q/(-21). What is the units digit of (12 - 6)*3/(n/62)?
3
Suppose -k - 162 = -4*k + 3*w, 4*w + 8 = 0. Let z = k - 46. What is the hundreds digit of 4/(-6) + 610/z?
1
Let q(z) = 3*z**2 - 10*z - 22. Let t be q(11). Suppose -5*l - 5*o + 9 = -11, -5*o - 20 =